ird derivative of k**5/60 + k**4/12 - 9*k**3/2 - 8*k**2. Calculate z(0).
-27
Let t(r) = r - 3. Let z be t(5). Let h(f) be the first derivative of -19 + 5 - f**2 + 2*f**z - 7*f**2. Calculate h(1).
-12
Let p(n) be the first derivative of n**3/3 - 5*n + 6817. Let y(s) = -4*s + 17. Let q be y(6). Give p(q).
44
Suppose -2*r + 3*c = -25, -3*r + 36*c + 12 = 40*c. Let n(f) = -12*f + 88. Calculate n(r).
-8
Let t(g) = -g**2 - 4*g + 1. Let p be (-1)/(-3) - 15/(630/(-18382)). Let o = p + -441. Give t(o).
4
Let z(t) be the third derivative of t**5/60 - 2*t**4/3 - 2*t**3/3 + 2*t**2 + t - 57. Give z(11).
-59
Let a(k) be the first derivative of -4*k - 83 - 3/2*k**2. Let f be (0 - 5)*(0 - -1). Calculate a(f).
11
Let o(d) = -7703 + 3864 + 3843 - 3*d. Suppose n = w + 8, -3*n = 3*w + 2 - 26. Give o(n).
-20
Let p(o) = -31*o + 9. Let y(n) = -5*n. Let r(j) = p(j) - 6*y(j). Let w be (-8)/(-12)*(-21)/(-2). What is r(w)?
2
Let o(r) = 151*r + 5. Let v(g) = 490*g + 16. Let h(s) = 13*o(s) - 4*v(s). Suppose -n = -0*n + 1. Determine h(n).
-2
Suppose -21 = -19*z + 17. Let r(v) = 2*v**3 + 3*v**2 - 3 - v**3 - v**2 - 11*v - 15*v**z + 3*v**2. What is r(11)?
-3
Suppose 75*d - 182 = 62*d. Let y(p) = -2 - p + 8*p - d*p**2 + 0*p + 19*p**2 - 3*p**2. Give y(-5).
13
Let h(s) = 5 + 15*s - 3*s - 14*s + s**2 - 11*s - 40. Give h(15).
-5
Let j(t) = -13*t**3 + 7*t**2 + 11*t - 8. Let x(k) = 37*k**3 - 20*k**2 - 31*k + 23. Let v(f) = 17*j(f) + 6*x(f). Calculate v(0).
2
Let m(p) = -7*p + 217. Let y be m(31). Let b(x) = y*x + 3309 - 4*x - 3311 + 5*x. What is b(4)?
2
Let p(f) = -f + 64. Suppose -8*y + 3*k = -10*y - 43, 0 = 5*y + 5*k + 105. What is p(y)?
84
Let q(h) = h**3 - 6*h**2 + 6*h - 1. Let m(p) = -2*p**3 + 12*p**2 - 12*p + 2. Let d(r) = 3*m(r) + 7*q(r). Let x = -118 - -123. Calculate d(x).
4
Let r(m) = 146*m - 498*m + 326*m - 1 - 5*m**2 - 1 + 8. Give r(-5).
11
Let q(p) = p - 1. Suppose -j = 7*j - 64. Let u(w) = -j + 1 + 6 - 2*w. Let s(g) = -3*q(g) - u(g). What is s(4)?
0
Let v(k) be the first derivative of k**5/24 - k**4/24 - 34*k**3/3 - 54. Let a(w) be the third derivative of v(w). Determine a(-4).
-21
Let l(v) = -4*v + 10. Suppose 69*t + 3 = 4*y + 72*t, 0 = -3*y + 2*t - 19. Calculate l(y).
22
Let f(b) = -b**2 - 8*b + 14. Let y be f(-9). Let w = -2 + y. Let g(p) = -p**3 - p**2 + p + 1. Let i(c) = -c**2 + 1. Let j(d) = -2*g(d) + 6*i(d). Calculate j(w).
16
Let j = -26 - -28. Let p(r) = -2*r - 45 + 21 - j*r + 23. Give p(-5).
19
Let u(i) be the second derivative of i**4/24 + 5*i**3/6 + 3*i**2 + 18*i. Let z(o) be the first derivative of u(o). Let r = -26 - -33. Calculate z(r).
12
Suppose 1218 = -4*o - 5*i, 3*o + i + i = -910. Let h = -299 - o. Let r(u) be the third derivative of u**5/60 - u**4/6 - 2*u**3/3 - 2*u**2. Give r(h).
-7
Let x(t) = -416*t - 1 + 412*t - t**3 - 4*t**2 + 9*t**2. Let y(a) = a**2 + a. Let c(k) = x(k) + 4*y(k). Let m be 1/(1 - 16/18). Give c(m).
-1
Let h(s) = -s**3 - s**2 + 3*s + 5. Suppose 4*z = z + 10*z. Calculate h(z).
5
Suppose 4*t + 39 = 15. Let y(i) be the third derivative of -i**4/8 - 23*i**3/6 - 426*i**2. Calculate y(t).
-5
Let l = -5 - -11. Let i(x) be the first derivative of x**4/12 - 5*x**3/6 - x**2 + 85*x + 12. Let p(c) be the first derivative of i(c). Calculate p(l).
4
Let v(q) = -q**3 + 2*q**2 + q - 6. Let z(b) = -3*b**3 + 8*b**2 + b - 18. Let t(f) = 8*v(f) - 3*z(f). Let l be 2/7 - (-47)/7. What is t(l)?
-8
Suppose 7*x - 6*x = -3*c + 13, 9 = c + 5*x. Let h(n) = -n**3 + 4*n**2 + n. Calculate h(c).
4
Let a(z) = -12*z**3 + z + 1. Suppose -50*p + 7 - 57 = 0. What is a(p)?
12
Let j(l) = 1548 - 2*l**2 - 1569 - 4*l + l**2. Calculate j(-5).
-26
Let x(f) = -2*f**3 - f**2 - f + 1. Let w(d) = 9*d**3 + 6*d**2 + 2*d. Let n be (4 - 6)*(-1 - (-4)/8). Let k(r) = n*w(r) + 4*x(r). Give k(-4).
-20
Let c(s) = s - 1. Let y(a) = -3498*a + 21 - 21 + 3495*a. Let o = 16 + -18. Let j(u) = o*y(u) - 5*c(u). What is j(-4)?
1
Let q(m) = -29*m - 367. Let y be q(-13). Suppose 0 = -5*o + y - 55. Let i(d) = d**3 + 9*d**2 + d + 15. Give i(o).
6
Let b(n) = -14*n**2 - 61*n - 30. Let z(g) = 6*g**2 + 31*g + 7. Let x(o) = -2*b(o) - 5*z(o). Give x(-17).
8
Let j be (3/6)/((-1)/2). Suppose -74 = 4*l - 62. Let q be ((-14 - l)/j)/(-1). Let y(x) = x + 4. What is y(q)?
-7
Let m(u) = u**3 + 4*u**2 - 5*u - 4. Let b(z) = z**2 + 2*z + 2. Let p be b(-2). Let l(x) = 6*x**2 + 4 + 3*x + 9 - x**p - x**3. Let d be l(6). Give m(d).
-4
Suppose -2*d - 2*g - 2876 = -2864, -5*d = -3*g - 34. Let z(t) = 4 + 2*t + 4 + 3*t**2 + 1. Let a(k) = -2*k**2 - k - 5. Let i(p) = -11*a(p) - 6*z(p). Give i(d).
15
Let a(y) = -3*y + y**2 - 4*y + 0*y**2 + y + 6. Suppose 9*u = 11*u + 4*g + 8, 3*u = -3*g. What is a(u)?
-2
Let g(p) = 24*p - 73. Suppose 5*x = -15, -3*a + 2*x + 9 = -2*a. Let l be g(a). Let b(t) = -4*t**2 - 2*t - 1. Calculate b(l).
-3
Let h(y) = 5*y**2 - 5*y**2 + y**2 - 13. Let l(j) = -j**2 + 36*j - 96. Let o be l(33). Let g be 0/((2/o + 0)*-3). What is h(g)?
-13
Let y = -392 - -399. Let x(c) = -y*c - 10 - 3*c + 11*c. What is x(11)?
1
Let l be (-2)/(-4)*-2 + 1. Let q(w) = 0*w - 2*w + l*w**3 + 3*w**2 + w**3. Suppose 75 = -2*f - 3*f - 10*y, f + 3*y = -21. What is q(f)?
6
Let u(c) be the third derivative of -1/60*c**5 + 0*c - 1/8*c**4 + 62*c**2 - 1/2*c**3 + 0. Give u(-4).
-7
Let j = -24 + 22. Let d(z) be the first derivative of -z**4/3 - z**3/3 + 13*z**2/2 - 33. Let p(q) be the second derivative of d(q). What is p(j)?
14
Let s(y) = 5*y + 13. Let k be -5*(-1 + (-7)/(-5)) + -2. Let z be s(k). Let q(n) = n**3 + 8*n**2 + 7*n + 3. Give q(z).
3
Let h = 251 + -245. Let r be 4/(10/(-6) + h/9). Let y(n) = -n - 4. Determine y(r).
0
Let s(k) = -k**2 - 63*k - 950. Let m be s(-25). Let p(c) = c**3 + c**2 - c - 1. What is p(m)?
-1
Let c(t) = -7*t + 76. Let g be c(9). Let z(w) = 10 + 44*w**2 - 45*w**2 + 4*w - g. What is z(4)?
-3
Let h(w) be the first derivative of -2*w**3/3 - 19*w**2 - 36*w - 3148. Calculate h(-18).
0
Suppose 4*p - 8*p + 12 = -4*v, -8 = -3*p + 4*v. Let o(h) = -15*h - 5. Calculate o(p).
-65
Let y = 521 - 525. Let l be 406/116*y*1. Let o(n) = -n**3 - 15*n**2 - 15*n - 1. Calculate o(l).
13
Let o(g) be the third derivative of -g**7/840 + g**5/30 + g**4/8 - 65*g**3/6 + 115*g**2. Let n(p) be the first derivative of o(p). What is n(-2)?
3
Let n(k) = -k**2 - 2*k + 2. Let s be (-6)/(-8)*(3 - 7). Let b be n(s). Let q(h) be the second derivative of 4*h**3/3 + h**2/2 + 25*h - 1. Give q(b).
-7
Let q(j) = 4*j**3 - 20*j**2 - 8*j + 13. Let n(t) = t**3 - 7*t**2 + 3*t - 1. Let c(d) = 6*n(d) - q(d). Determine c(10).
41
Let u(p) = p**2 - 5*p - 2. Let w = -79 - -96. Suppose -6*t + w = -19. What is u(t)?
4
Suppose -8*i + 11*i = 15. Let p(t) = t - i - 14 + 9. Let o be (-1 + 1)/(24/(12/(-2))). What is p(o)?
-10
Let c(a) = -a**3 - 7*a**2 + 14*a - 5. Let b be c(2). Let g(l) = -l - 31. What is g(b)?
-18
Let s(u) = -u**3 - 4*u**2 + 4*u + 7. Let h be 6 + (1 - -93) - 5. Let z be h/(-57)*(-3)/(-1). Calculate s(z).
12
Let r = 15267 - 15257. Let j(l) = l + 8. Let s(n) = -2*n - 8. Let f(u) = 3*j(u) + 2*s(u). Give f(r).
-2
Let r(n) = n**3 - 7*n**2 - 17*n - 12. Let g(x) = 229*x + 1841. Let y be g(-8). Calculate r(y).
-3
Suppose -7*l - 6 = 1. Let h(v) = 11*v**2 - 2*v - 2. Let m be h(l). Let c = m + -9. Let s(w) = -w + 4. Give s(c).
2
Let m(g) = 20*g - g**2 + 23 + 29 - 8. Calculate m(22).
0
Let n(l) = -5*l**2 - 10*l - 14. Let b = 14367 - 14373. Determine n(b).
-134
Let x(d) = 13*d**3 - 13*d**2 + 4*d - 25. Let m(u) = -11*u**3 + 11*u**2 - 3*u + 23. Let v(z) = -7*m(z) - 6*x(z). Give v(0).
-11
Let w(t) be the second derivative of -t**3/3 - 6*t**2 + 4*t + 6. Suppose -3*q - 2*o = -4, 3*o - 6 = 5*q - 0*o. Determine w(q).
-12
Let w(s) = 155*s + 132. Let y(v) = 96*v + 88. Let c(l) = -5*w(l) + 8*y(l). Give c(7).
-5
Let h(o) = o + 5. Let l be h(-4). Let x(v) = 140*v**3 - 7*v**2 - 13*v + 3. Let u(c) = 47*c**3 - 2*c**2 - 4*c + 1. Let p(a) = 7*u(a) - 2*x(a). Determine p(l).
48
Let g(k) = 5*k + 0*k - 4*k. Let p be g(2). Let t(o) = -1285*o - 18. Let l(y) = -571*y - 8. Let m(d) = -9*l(d) + 4*t(d). What is m(p)?
-2
Suppose -37*s - 213 = 9*s + 247. Let d(h) = 32*h + 340. Calculate d(s).
20
Suppose -828 = 172*o - 34*o. Let t(i) = 2*i**2 + 22*i + 50. Calculate t(o).
-10
Let q(v) = 6*v - 2. Let u(r) = -10*r - 26. Let w(n) = 11*n + 27. Let f(h) = -2*u(h) - 3*w(h). Let l be f(-2). Give q